12
-91
What is -7 (base 15) in base 12?
-7
20201 (base 3) to base 8
265
Convert 3 (base 6) to base 9.
3
What is -5 (base 7) in base 6?
-5
What is -4 (base 15) in base 16?
-4
Convert 0 (base 12) to base 10.
0
What is -16 (base 12) in base 9?
-20
What is 2 (base 10) in base 5?
2
Convert -7 (base 9) to base 10.
-7
Convert -42 (base 9) to base 11.
-35
What is 32 (base 4) in base 12?
12
What is -5d (base 14) in base 7?
-146
-122 (base 5) to base 2
-100101
What is -22 (base 6) in base 13?
-11
Convert 2 (base 5) to base 11.
2
-13 (base 7) to base 2
-1010
What is 17 (base 11) in base 14?
14
134 (base 7) to base 11
68
19 (base 11) to base 7
26
What is -1 (base 6) in base 3?
-1
9 (base 11) to base 16
9
What is 1 (base 5) in base 6?
1
-22100 (base 3) to base 14
-121
What is 21 (base 14) in base 11?
27
Convert -101 (base 5) to base 4.
-122
What is 10 (base 2) in base 5?
2
243 (base 6) to base 15
69
What is 7 (base 13) in base 2?
111
What is 2 (base 15) in base 10?
2
What is -101100 (base 2) in base 13?
-35
Convert 100 (base 5) to base 6.
41
13 (base 11) to base 4
32
14 (base 7) to base 11
10
What is 10 (base 3) in base 7?
3
-4 (base 15) to base 11
-4
Convert 146 (base 8) to base 5.
402
What is 38 (base 11) in base 7?
56
Convert 34 (base 9) to base 11.
29
What is 1001100 (base 2) in base 16?
4c
-4 (base 15) to base 8
-4
-3 (base 7) to base 6
-3
What is 1 (base 8) in base 14?
1
Convert -4 (base 5) to base 9.
-4
What is 21 (base 11) in base 13?
1a
Convert 72 (base 13) to base 10.
93
Convert -8 (base 13) to base 8.
-10
Convert 3 (base 11) to base 16.
3
307 (base 8) to base 14
103
21 (base 3) to base 4
13
Convert -100 (base 8) to base 11.
-59
Convert 7 (base 12) to base 3.
21
What is 2 (base 13) in base 8?
2
-37 (base 13) to base 15
-31
What is -31 (base 5) in base 6?
-24
Convert -23 (base 8) to base 12.
-17
What is -b (base 16) in base 3?
-102
Convert 16 (base 16) to base 6.
34
What is 100 (base 15) in base 7?
441
Convert -1010 (base 2) to base 7.
-13
Convert 110001 (base 2) to base 8.
61
Convert 0 (base 5) to base 16.
0
Convert 5 (base 7) to base 11.
5
Convert -9 (base 14) to base 8.
-11
133 (base 4) to base 15
21
-1b6 (base 15) to base 3
-112200
What is 11 (base 4) in base 9?
5
What is -12 (base 8) in base 7?
-13
20 (base 3) to base 4
12
Convert 10 (base 10) to base 9.
11
What is -443 (base 8) in base 5?
-2131
Convert 3c (base 14) to base 4.
312
7 (base 13) to base 9
7
Convert 62 (base 10) to base 7.
116
-74 (base 9) to base 4
-1003
-322 (base 6) to base 16
-7a
0 (base 16) to base 8
0
Convert 18a (base 11) to base 14.
119
Convert -1c (base 13) to base 7.
-34
What is -1232 (base 5) in base 15?
-cc
Convert 65 (base 16) to base 3.
10202
Convert 1 (base 5) to base 10.
1
What is -54 (base 15) in base 4?
-1033
What is 110 (base 4) in base 13?
17
Convert 100110 (base 2) to base 4.
212
-28 (base 15) to base 3
-1102
4 (base 12) to base 7
4
Convert -23 (base 4) to base 8.
-13
Convert -1 (base 9) to base 6.
-1
What is -51 (base 15) in base 8?
-114
-3 (base 13) to base 10
-3
Convert 28 (base 11) to base 13.
24
6 (base 10) to base 4
12
Convert -8 (base 14) to base 11.
-8
Convert 1 (base 11) to base 7.
1
-1 (base 5) to base 8
-1
Convert -11 (base 6) to base 4.
-13
4 (base 11) to base 9
4
Convert -3 (base 10) to base 7.
-3
Convert -11 (base 2) to base 5.
-3
Convert 18 (base 9) to base 2.
10001
What is -4 (base 10) in base 4?
-10
What is -3 (base 5) in base 8?
-3
Convert 64 (base 9) to base 15.
3d
Convert 11 (base 13) to base 2.
1110
What is -40 (base 13) in base 6?
-124
Convert -3 (base 10) to base 8.
-3
Convert -1 (base 6) to base 9.
-1
76 (base 11) to base 8
123
Convert 12211 (base 3) to base 16.
9d
What is -14 (base 16) in base 10?
-20
Convert 10 (base 11) to base 7.
14
Convert 4 (base 13) to base 14.
4
Convert 342 (base 5) to base 16.
61
-213 (base 5) to base 7
-112
-1110 (base 2) to base 13
-11
Convert 4 (base 16) to base 9.
4
Convert -2 (base 14) to base 6.
-2
45 (base 13) to base 4
321
What is 5 (base 10) in base 15?
5
22 (base 10) to base 5
42
Convert 10 (base 6) to base 12.
6
What is -1 (base 13) in base 8?
-1
Convert -114 (base 16) to base 7.
-543
What is 10110 (base 3) in base 11?
85
Convert -1 (base 4) to base 16.
-1
Convert -cb (base 13) to base 10.
-167
7 (base 10) to base 7
10
Convert -423 (base 7) to base 3.
-21220
Convert 1 (base 6) to base 4.
1
Convert 10 (base 3) to base 13.
3
What is -5 (base 14) in base 16?
-5
What is 1 (base 8) in base 4?
1
Convert -1 (base 7) to base 11.
-1
Convert 8 (base 9) to base 11.
8
11 (base 5) to base 6
10
Convert -30 (base 7) to base 11.
-1a
Convert -31 (base 7) to base 15.
-17
12211 (base 3) to base 4
2131
What is 1035 (base 7) in base 6?
1413
Convert -16 (base 7) to base 12.
-11
Convert -36 (base 16) to base 5.
-204
Convert 20 (base 12) to base 5.
44
-21 (base 6) to base 11
-12
5 (base 10) to base 12
5
Convert 100 (base 2) to base 7.
4
-36 (base 15) to base 9
-56
-11 (base 12) to base 15
-d
0 (base 9) to base 14
0
2 (base 10) to base 5
2
433 (base 8) to base 7
553
-75 (base 16) to base 3
-11100
What is -10011 (base 2) in base 4?
-103
113 (base 6) to base 16
2d
What is -130 (base 6) in base 14?
-3c
What is 0 (base 6) in base 16?
0
-203 (base 5) to base 10
-53
Convert -5 (base 8) to base 4.
-11
Convert 20 (base 4) to base 14.
8
Convert -11 (base 2) to base 5.
-3
What is -5 (base 6) in base 5?
-10
Convert -19 (base 15) to base 8.
-30
-2301 (base 4) to base 10
-177
2 (base 16) to base 5
2
What is 11 (base 6) in base 16?
7
Convert -100 (base 6) to base 2.
-100100
Convert 3 (base 11) to base 4.
3
What is 3 (base 7) in base 14?
3
What is 112 (base 3) in base 9?
15
What is 1011 (base 3) in base 6?
51
What is -3 (base 4) in base 3?
-10
114 (base 5) to base 6
54
Convert -6 (base 8) to base 16.
-6
What is 0 (base 15) in base 3?
0
7 (base 10) to base 2
111
1 (base 15) to base 12
1
13 (base 10) to base 13
10
-23 (base 6) to base 12
-13
101 (base 2) to base 8
5
Convert -25 (base 8) to base 11.
-1a
Convert 6 (base 10) to base 11.
6
2 (base 12) to base 14
2
Convert 6 (base 8) to base 7.
6
What is 1 (base 5) in base 8?
1
Convert -12 (base 3) to base 10.
-5
Convert -4 (base 14) to base 5.
-4
What is -1 (base 8) in base 10?
-1
What is -26 (base 15) in base 6?
-100
Convert -28 (base 10) to base 3.
-1001
What is 13 (base 6) in base 12?
9
39 (base 15) to base 14
3c
Convert 30 (base 15) to base 3.
1200
3 (base 14) to base 6
3
Convert -10 (base 4) to base 8.
-4
-1213 (base 4) to base 15
-6d
What is 2 (base 16) in base 12?
2
What is 251 (base 6) in base 4?
1213
Convert -19 (base 16) to base 15.
-1a
Convert a (base 13) to base 12.
a
Convert 2 (base 14) to base 16.
2
Convert 3001 (base 4) to base 15.
cd
Convert 34 (base 10) to base 7.
46
465 (base 8) to base 5
2214
Convert 23 (base 14) to base 15.
21
Convert 2 (base 11) to base 9.
2
What is -10b (base 13) in base 14?
-cc
Convert 2 (base 12) to base 11.
2
-23 (base 11) to base 16
-19
Convert -13 (base 11) to base 6.
-22
Convert -7 (base 15) to base 6.
-11
What is -110121 (base 3) in base 10?
-340
What is -1 (base 4) in base 11?
-1
Convert 11 (base 3) to base 13.
4
What is 24 (base 16) in base 9?
40
-1 (base 16) to base 14
-1
-101 (base 2) to base 6
-5
-8 (base 9) to base 7
-11
-2 (base 10) to base 2
-10
1 (base 12) to base 5
1
Convert -c (base 15) to base 6.
-20
24 (base 8) to base 5
40
0 (base 15) to base 5
0
3 (base 16) to base 8
3
What is 12 (base 10) in base 4?
30
-3 (base 10) to base 6
-3
Convert 1 (base 10) to base 5.
1
What is -12 (base 6) in base 7?
-11
What is 102 (base 3) in base 7?
14
Convert 269 (base 12) to base 3.
111200
What is -a0 (base 13) in base 8?
-202
Convert -55 (base 8) to base 12.
-39
Convert -a (base 11) to base 4.
-22
What is -1cc (base 15) in base 5?
-3132
-45 (base 8) to base 11
-34
Convert -8 (base 14) to base 16.
-8
What is -6c (base 16) in base 3?
-11000
Convert a5 (base 16) to base 2.
10100101
-50 (base 7) to base 16
-23
Convert 6 (base 15) to base 14.
6
55 (base 9) to base 13
3b
Convert -9 (base 14) to base 2.
-1001
Convert -3 (base 6) to base 15.
-3
What is 20 (base 4) in base 2?
1000
-21 (base 5) to base 6
-15
98 (base 10) to base 13
77
What is 9a (base 11) in base 8?
155
Convert -1 (base 8) to base 15.
-1
-34 (base 15) to base 4
-301
68 (base 10) to base 12
5